{"id":12030,"date":"2024-03-10T10:07:28","date_gmt":"2024-03-10T09:07:28","guid":{"rendered":"https:\/\/www.sirabel.es\/tiendasirabel\/?post_type=product&#038;p=12030"},"modified":"2024-03-10T10:07:28","modified_gmt":"2024-03-10T09:07:28","slug":"esponja-y-exfoliante-de-sisal-cojin-exfoliante-redondo-suave","status":"publish","type":"product","link":"https:\/\/www.sirabel.es\/tiendasirabel\/producto\/esponja-y-exfoliante-de-sisal-cojin-exfoliante-redondo-suave\/","title":{"rendered":"Esponja y exfoliante de sisal &#8211; Coj\u00edn Exfoliante Redondo Suave"},"content":{"rendered":"<h4 class=\"name item_name small \">Esponja y exfoliante de sisal &#8211; Coj\u00edn Exfoliante Redondo Suave<\/h4>\n","protected":false},"excerpt":{"rendered":"<p>Esponjas Exfoliantes de Sisal<\/p>\n<p>Estas esponjas exfoliantes son perfectas para centros de Spa, centros de masajes y son completamente biodegradables, ecol\u00f3gicos y naturales.<\/p>\n<p>Tienen propiedades combinadas para crear una sensaci\u00f3n real de frescura y son ideales para exfoliar, eliminar las c\u00e9lulas muertas y dejar la piel suave y renovada.<\/p>\n<p>La exfoliaci\u00f3n debe estar en el r\u00e9gimen de belleza de todos durante todo el a\u00f1o, pero especialmente en climas fr\u00edos para mantener la piel radiante y fresca.<\/p>\n","protected":false},"featured_media":12031,"comment_status":"open","ping_status":"closed","template":"","meta":[],"product_brand":[],"product_cat":[453],"product_tag":[2179],"class_list":{"0":"post-12030","1":"product","2":"type-product","3":"status-publish","4":"has-post-thumbnail","6":"product_cat-esponjas-exfoliantes-sisal","7":"product_tag-esponja-y-exfoliante-de-sisal-cojin-exfoliante-redondo-suave","9":"first","10":"instock","11":"taxable","12":"shipping-taxable","13":"purchasable","14":"product-type-simple"},"jetpack_sharing_enabled":true,"_links":{"self":[{"href":"https:\/\/www.sirabel.es\/tiendasirabel\/wp-json\/wp\/v2\/product\/12030","targetHints":{"allow":["GET"]}}],"collection":[{"href":"https:\/\/www.sirabel.es\/tiendasirabel\/wp-json\/wp\/v2\/product"}],"about":[{"href":"https:\/\/www.sirabel.es\/tiendasirabel\/wp-json\/wp\/v2\/types\/product"}],"replies":[{"embeddable":true,"href":"https:\/\/www.sirabel.es\/tiendasirabel\/wp-json\/wp\/v2\/comments?post=12030"}],"version-history":[{"count":0,"href":"https:\/\/www.sirabel.es\/tiendasirabel\/wp-json\/wp\/v2\/product\/12030\/revisions"}],"wp:featuredmedia":[{"embeddable":true,"href":"https:\/\/www.sirabel.es\/tiendasirabel\/wp-json\/wp\/v2\/media\/12031"}],"wp:attachment":[{"href":"https:\/\/www.sirabel.es\/tiendasirabel\/wp-json\/wp\/v2\/media?parent=12030"}],"wp:term":[{"taxonomy":"product_brand","embeddable":true,"href":"https:\/\/www.sirabel.es\/tiendasirabel\/wp-json\/wp\/v2\/product_brand?post=12030"},{"taxonomy":"product_cat","embeddable":true,"href":"https:\/\/www.sirabel.es\/tiendasirabel\/wp-json\/wp\/v2\/product_cat?post=12030"},{"taxonomy":"product_tag","embeddable":true,"href":"https:\/\/www.sirabel.es\/tiendasirabel\/wp-json\/wp\/v2\/product_tag?post=12030"}],"curies":[{"name":"wp","href":"https:\/\/api.w.org\/{rel}","templated":true}]}}