{"id":13066,"date":"2024-03-17T00:38:18","date_gmt":"2024-03-16T23:38:18","guid":{"rendered":"https:\/\/www.sirabel.es\/tiendasirabel\/?post_type=product&#038;p=13066"},"modified":"2024-03-17T00:38:18","modified_gmt":"2024-03-16T23:38:18","slug":"jabon-de-glicerina-forma-corazon-menta","status":"publish","type":"product","link":"https:\/\/www.sirabel.es\/tiendasirabel\/producto\/jabon-de-glicerina-forma-corazon-menta\/","title":{"rendered":"JAB\u00d3N DE GLICERINA FORMA CORAZ\u00d3N MENTA"},"content":{"rendered":"<p>JAB\u00d3N DE GLICERINA FORMA CORAZ\u00d3N MENTA<\/p>\n","protected":false},"excerpt":{"rendered":"<p>Figura de jab\u00f3n aroma\u00a0Menta Fresca.<\/p>\n<p>Coraz\u00f3n de jab\u00f3n de glicerina vegetal artesano.<\/p>\n<p>Envueltos a mano individualmente en blister al vac\u00edo.<\/p>\n","protected":false},"featured_media":13070,"comment_status":"open","ping_status":"closed","template":"","meta":[],"product_brand":[],"product_cat":[1931],"product_tag":[2477],"class_list":{"0":"post-13066","1":"product","2":"type-product","3":"status-publish","4":"has-post-thumbnail","6":"product_cat-jabones-con-formas","7":"product_tag-jabon-de-glicerina-forma-corazon-menta","9":"first","10":"instock","11":"taxable","12":"shipping-taxable","13":"purchasable","14":"product-type-simple"},"jetpack_sharing_enabled":true,"_links":{"self":[{"href":"https:\/\/www.sirabel.es\/tiendasirabel\/wp-json\/wp\/v2\/product\/13066","targetHints":{"allow":["GET"]}}],"collection":[{"href":"https:\/\/www.sirabel.es\/tiendasirabel\/wp-json\/wp\/v2\/product"}],"about":[{"href":"https:\/\/www.sirabel.es\/tiendasirabel\/wp-json\/wp\/v2\/types\/product"}],"replies":[{"embeddable":true,"href":"https:\/\/www.sirabel.es\/tiendasirabel\/wp-json\/wp\/v2\/comments?post=13066"}],"version-history":[{"count":0,"href":"https:\/\/www.sirabel.es\/tiendasirabel\/wp-json\/wp\/v2\/product\/13066\/revisions"}],"wp:featuredmedia":[{"embeddable":true,"href":"https:\/\/www.sirabel.es\/tiendasirabel\/wp-json\/wp\/v2\/media\/13070"}],"wp:attachment":[{"href":"https:\/\/www.sirabel.es\/tiendasirabel\/wp-json\/wp\/v2\/media?parent=13066"}],"wp:term":[{"taxonomy":"product_brand","embeddable":true,"href":"https:\/\/www.sirabel.es\/tiendasirabel\/wp-json\/wp\/v2\/product_brand?post=13066"},{"taxonomy":"product_cat","embeddable":true,"href":"https:\/\/www.sirabel.es\/tiendasirabel\/wp-json\/wp\/v2\/product_cat?post=13066"},{"taxonomy":"product_tag","embeddable":true,"href":"https:\/\/www.sirabel.es\/tiendasirabel\/wp-json\/wp\/v2\/product_tag?post=13066"}],"curies":[{"name":"wp","href":"https:\/\/api.w.org\/{rel}","templated":true}]}}