{"id":13107,"date":"2024-03-17T12:30:15","date_gmt":"2024-03-17T11:30:15","guid":{"rendered":"https:\/\/www.sirabel.es\/tiendasirabel\/?post_type=product&#038;p=13107"},"modified":"2024-03-17T12:30:15","modified_gmt":"2024-03-17T11:30:15","slug":"exfoliante-de-cuero-cabelludo-para-cabello-graso-con-higo-y-escaramujo","status":"publish","type":"product","link":"https:\/\/www.sirabel.es\/tiendasirabel\/producto\/exfoliante-de-cuero-cabelludo-para-cabello-graso-con-higo-y-escaramujo\/","title":{"rendered":"Exfoliante de cuero cabelludo para cabello graso con Higo y Escaramujo"},"content":{"rendered":"<p>Exfoliante de cuero cabelludo para cabello graso con Higo y Escaramujo<\/p>\n","protected":false},"excerpt":{"rendered":"<p>Nuevo\u00a0exfoliante capilar org\u00e1nico\u00a0para\u00a0cabello graso.<\/p>\n<p>Limpieza profunda\u00a0que restablece el equilibrio del cuero cabelludo.<\/p>\n<p>Con\u00a0extracto de higo y aceite de escaramujo org\u00e1nicos.<\/p>\n<p>Para usar antes del champ\u00fa.<\/p>\n<p>Producto 98% de origen natural y vegano.<\/p>\n<p>Hecho con pl\u00e1stico reciclado.<\/p>\n<p><img decoding=\"async\" src=\"https:\/\/alcortesoap.com\/img\/cms\/sello-vegano.jpg\" alt=\"Crema corporal vegana\" width=\"80\" height=\"80\" \/><\/p>\n<p>La f\u00f3rmula de este exfoliante capilar para el cuero cabelludo tiene propiedades\u00a0limpieza profunda que\u00a0restablece\u00a0su equilibrio. El extracto de higo y el aceite de escaramujo org\u00e1nico tienen propiedades nutritivas, que ayudan a equilibrar el cabello, lo acondicionan en toda su longitud y lo dejan con volumen.<\/p>\n<p>Modo de empleo:\u00a0Aplicar en el cuero cabelludo h\u00famedo y masajear suavemente. Dejar actuar 3 minutos y aclarar con abundante agua. Usar antes del champ\u00fa. Para un resultado \u00f3ptimo, utilizar una vez a la semana.<\/p>\n<p>Producto 98% de origen natural<\/p>\n<p>Certificaci\u00f3n\u00a0BDIH (Cosmos Natural) y\u00a0The Vegan Society (UK)<\/p>\n<p>El certificado BDIH confirma los est\u00e1ndares m\u00e1s estrictos\u00a0alemanes de calidad para los cosm\u00e9ticos naturales y org\u00e1nicos.<\/p>\n<p>Sin\u00a0SLS, sin parabenos, Sin\u00a0SILICONAS<\/p>\n<p>75\u00a0ml de volumen<\/p>\n","protected":false},"featured_media":13096,"comment_status":"open","ping_status":"closed","template":"","meta":[],"product_brand":[],"product_cat":[2486,2316],"product_tag":[2490],"class_list":{"0":"post-13107","1":"product","2":"type-product","3":"status-publish","4":"has-post-thumbnail","6":"product_cat-exfoliante-vegano-capilar","7":"product_cat-exfoliantes-veganos","8":"product_tag-exfoliante-de-cuero-cabelludo-para-cabello-graso-con-higo-y-escaramujo","10":"first","11":"instock","12":"taxable","13":"shipping-taxable","14":"purchasable","15":"product-type-simple"},"jetpack_sharing_enabled":true,"_links":{"self":[{"href":"https:\/\/www.sirabel.es\/tiendasirabel\/wp-json\/wp\/v2\/product\/13107","targetHints":{"allow":["GET"]}}],"collection":[{"href":"https:\/\/www.sirabel.es\/tiendasirabel\/wp-json\/wp\/v2\/product"}],"about":[{"href":"https:\/\/www.sirabel.es\/tiendasirabel\/wp-json\/wp\/v2\/types\/product"}],"replies":[{"embeddable":true,"href":"https:\/\/www.sirabel.es\/tiendasirabel\/wp-json\/wp\/v2\/comments?post=13107"}],"version-history":[{"count":0,"href":"https:\/\/www.sirabel.es\/tiendasirabel\/wp-json\/wp\/v2\/product\/13107\/revisions"}],"wp:featuredmedia":[{"embeddable":true,"href":"https:\/\/www.sirabel.es\/tiendasirabel\/wp-json\/wp\/v2\/media\/13096"}],"wp:attachment":[{"href":"https:\/\/www.sirabel.es\/tiendasirabel\/wp-json\/wp\/v2\/media?parent=13107"}],"wp:term":[{"taxonomy":"product_brand","embeddable":true,"href":"https:\/\/www.sirabel.es\/tiendasirabel\/wp-json\/wp\/v2\/product_brand?post=13107"},{"taxonomy":"product_cat","embeddable":true,"href":"https:\/\/www.sirabel.es\/tiendasirabel\/wp-json\/wp\/v2\/product_cat?post=13107"},{"taxonomy":"product_tag","embeddable":true,"href":"https:\/\/www.sirabel.es\/tiendasirabel\/wp-json\/wp\/v2\/product_tag?post=13107"}],"curies":[{"name":"wp","href":"https:\/\/api.w.org\/{rel}","templated":true}]}}