{"id":13505,"date":"2024-03-25T10:52:59","date_gmt":"2024-03-25T09:52:59","guid":{"rendered":"https:\/\/www.sirabel.es\/tiendasirabel\/?post_type=product&#038;p=13505"},"modified":"2024-03-25T10:53:00","modified_gmt":"2024-03-25T09:53:00","slug":"gel-de-ducha-nutricion-profunda-aguacate-ecologico-gel-de-ducha-nutricion-profunda-aguacate-ecologico","status":"publish","type":"product","link":"https:\/\/www.sirabel.es\/tiendasirabel\/producto\/gel-de-ducha-nutricion-profunda-aguacate-ecologico-gel-de-ducha-nutricion-profunda-aguacate-ecologico\/","title":{"rendered":"Gel de Ducha Nutrici\u00f3n Profunda Aguacate Ecol\u00f3gico GEL DE DUCHA NUTRICI\u00d3N PROFUNDA AGUACATE ECOL\u00d3GICO"},"content":{"rendered":"<div class=\"product_left_column col-lg-6 mb-2\">\n<section class=\"product_left_content mb-2\">\n<div class=\"images-container \n pro_number_1\n pro_number_xxl_1\n pro_number_xl_1\n pro_number_lg_1\n pro_number_md_1\n pro_number_sm_1\n pro_number_xs_1\n\"><\/p>\n<div class=\"images-container-0 \">\n<div class=\"pro_gallery_thumbs_container  pro_gallery_thumbs_horizontal \">\n<div class=\"swiper-container pro_gallery_thumbs swiper-button-lr swiper-navigation-rectangle swiper-small-button swiper-container-initialized swiper-container-horizontal\">\n<div class=\"swiper-wrapper\">\n<div class=\"swiper-slide clicked_thumb swiper-slide-visible swiper-slide-active\">\n<div class=\"pro_gallery_thumb_box general_border  curr_combination_thumb \">GEL DE DUCHA NUTRICI\u00d3N PROFUNDA AGUACATE ECOL\u00d3GICO<\/div>\n<\/div>\n<\/div>\n<\/div>\n<\/div>\n<\/div>\n<\/div>\n<\/section>\n<\/div>\n","protected":false},"excerpt":{"rendered":"<p>Gel de Ducha Nutrici\u00f3n Profunda Aguacate Ecol\u00f3gico<\/p>\n<p>Limpia la piel y tonifica<\/p>\n<p>Aceite de aguacate<\/p>\n<p>Aceite de naranja<\/p>\n<p>Extracto de higo<\/p>\n<p>Amino\u00e1cidos<\/p>\n<p>97 % de ingredientes\u00a0de origen natural vegano<\/p>\n<p><img decoding=\"async\" src=\"https:\/\/alcortesoap.com\/img\/cms\/sello-vegano.jpg\" alt=\"\" width=\"95\" height=\"95\" \/><\/p>\n<p>350 ml<\/p>\n","protected":false},"featured_media":13506,"comment_status":"open","ping_status":"closed","template":"","meta":[],"product_brand":[],"product_cat":[2066],"product_tag":[2603],"class_list":{"0":"post-13505","1":"product","2":"type-product","3":"status-publish","4":"has-post-thumbnail","6":"product_cat-gel-ducha-vegano","7":"product_tag-gel-de-ducha-nutricion-profunda-aguacate-ecologico","9":"first","10":"instock","11":"taxable","12":"shipping-taxable","13":"purchasable","14":"product-type-simple"},"jetpack_sharing_enabled":true,"_links":{"self":[{"href":"https:\/\/www.sirabel.es\/tiendasirabel\/wp-json\/wp\/v2\/product\/13505","targetHints":{"allow":["GET"]}}],"collection":[{"href":"https:\/\/www.sirabel.es\/tiendasirabel\/wp-json\/wp\/v2\/product"}],"about":[{"href":"https:\/\/www.sirabel.es\/tiendasirabel\/wp-json\/wp\/v2\/types\/product"}],"replies":[{"embeddable":true,"href":"https:\/\/www.sirabel.es\/tiendasirabel\/wp-json\/wp\/v2\/comments?post=13505"}],"version-history":[{"count":0,"href":"https:\/\/www.sirabel.es\/tiendasirabel\/wp-json\/wp\/v2\/product\/13505\/revisions"}],"wp:featuredmedia":[{"embeddable":true,"href":"https:\/\/www.sirabel.es\/tiendasirabel\/wp-json\/wp\/v2\/media\/13506"}],"wp:attachment":[{"href":"https:\/\/www.sirabel.es\/tiendasirabel\/wp-json\/wp\/v2\/media?parent=13505"}],"wp:term":[{"taxonomy":"product_brand","embeddable":true,"href":"https:\/\/www.sirabel.es\/tiendasirabel\/wp-json\/wp\/v2\/product_brand?post=13505"},{"taxonomy":"product_cat","embeddable":true,"href":"https:\/\/www.sirabel.es\/tiendasirabel\/wp-json\/wp\/v2\/product_cat?post=13505"},{"taxonomy":"product_tag","embeddable":true,"href":"https:\/\/www.sirabel.es\/tiendasirabel\/wp-json\/wp\/v2\/product_tag?post=13505"}],"curies":[{"name":"wp","href":"https:\/\/api.w.org\/{rel}","templated":true}]}}