{"id":13623,"date":"2024-03-25T20:13:04","date_gmt":"2024-03-25T19:13:04","guid":{"rendered":"https:\/\/www.sirabel.es\/tiendasirabel\/?post_type=product&#038;p=13623"},"modified":"2024-03-25T20:13:05","modified_gmt":"2024-03-25T19:13:05","slug":"crema-de-lavado-intimo-antibacteriano-y-calmante","status":"publish","type":"product","link":"https:\/\/www.sirabel.es\/tiendasirabel\/producto\/crema-de-lavado-intimo-antibacteriano-y-calmante\/","title":{"rendered":"CREMA DE LAVADO \u00cdNTIMO ANTIBACTERIANO Y CALMANTE"},"content":{"rendered":"<p>CREMA DE LAVADO \u00cdNTIMO ANTIBACTERIANO Y CALMANTE<\/p>\n","protected":false},"excerpt":{"rendered":"<p>Crema de\u00a0lavado \u00edntimo.<\/p>\n<p>Sensaci\u00f3n de\u00a0pureza y frescor.<\/p>\n<p>Mantiene el equilibrio\u00a0natural de la zona \u00edntima.<\/p>\n<p>Efecto antibacteriano\u00a0y calmante.<\/p>\n<p>Promueve\u00a0la curaci\u00f3n de las microfisuras.<\/p>\n<p>Con\u00a0\u00e1cido l\u00e1ctico, D-pantenol y extracto de ar\u00e1ndanos.<\/p>\n<p>Libre de base jabonosa.<\/p>\n<p>F\u00f3rmula ultra delicada que No contiene SLS, Ni parabenos.<\/p>\n<p>98% ingredientes naturales y org\u00e1nicos.<\/p>\n<p>250ml<\/p>\n","protected":false},"featured_media":13625,"comment_status":"open","ping_status":"closed","template":"","meta":[],"product_brand":[],"product_cat":[2065],"product_tag":[2638],"class_list":{"0":"post-13623","1":"product","2":"type-product","3":"status-publish","4":"has-post-thumbnail","6":"product_cat-higiene-intima-vegana","7":"product_tag-crema-de-lavado-intimo-antibacteriano-y-calmante","9":"first","10":"instock","11":"taxable","12":"shipping-taxable","13":"purchasable","14":"product-type-simple"},"jetpack_sharing_enabled":true,"_links":{"self":[{"href":"https:\/\/www.sirabel.es\/tiendasirabel\/wp-json\/wp\/v2\/product\/13623","targetHints":{"allow":["GET"]}}],"collection":[{"href":"https:\/\/www.sirabel.es\/tiendasirabel\/wp-json\/wp\/v2\/product"}],"about":[{"href":"https:\/\/www.sirabel.es\/tiendasirabel\/wp-json\/wp\/v2\/types\/product"}],"replies":[{"embeddable":true,"href":"https:\/\/www.sirabel.es\/tiendasirabel\/wp-json\/wp\/v2\/comments?post=13623"}],"version-history":[{"count":0,"href":"https:\/\/www.sirabel.es\/tiendasirabel\/wp-json\/wp\/v2\/product\/13623\/revisions"}],"wp:featuredmedia":[{"embeddable":true,"href":"https:\/\/www.sirabel.es\/tiendasirabel\/wp-json\/wp\/v2\/media\/13625"}],"wp:attachment":[{"href":"https:\/\/www.sirabel.es\/tiendasirabel\/wp-json\/wp\/v2\/media?parent=13623"}],"wp:term":[{"taxonomy":"product_brand","embeddable":true,"href":"https:\/\/www.sirabel.es\/tiendasirabel\/wp-json\/wp\/v2\/product_brand?post=13623"},{"taxonomy":"product_cat","embeddable":true,"href":"https:\/\/www.sirabel.es\/tiendasirabel\/wp-json\/wp\/v2\/product_cat?post=13623"},{"taxonomy":"product_tag","embeddable":true,"href":"https:\/\/www.sirabel.es\/tiendasirabel\/wp-json\/wp\/v2\/product_tag?post=13623"}],"curies":[{"name":"wp","href":"https:\/\/api.w.org\/{rel}","templated":true}]}}