{"id":14086,"date":"2024-04-22T20:32:21","date_gmt":"2024-04-22T18:32:21","guid":{"rendered":"https:\/\/www.sirabel.es\/tiendasirabel\/?post_type=product&#038;p=14086"},"modified":"2024-04-22T20:32:22","modified_gmt":"2024-04-22T18:32:22","slug":"serum-facial-y-escote-hidratacion-intensa-aloe-vera-ecologico","status":"publish","type":"product","link":"https:\/\/www.sirabel.es\/tiendasirabel\/producto\/serum-facial-y-escote-hidratacion-intensa-aloe-vera-ecologico\/","title":{"rendered":"S\u00c9RUM FACIAL Y ESCOTE HIDRATACI\u00d3N INTENSA ALOE VERA ECOL\u00d3GICO"},"content":{"rendered":"<h1 class=\"product_name \"><span style=\"font-size: 16px;\">S\u00c9RUM FACIAL Y ESCOTE HIDRATACI\u00d3N INTENSA ALOE VERA ECOL\u00d3GICO<\/span><\/h1>\n","protected":false},"excerpt":{"rendered":"<p>S\u00e9rum Facial y Escote Hidrataci\u00f3n Intensa Ecol\u00f3gico Aloe Vera<\/p>\n<p>Hidrata intensamente la piel, alivia la sequedad<\/p>\n<p>Penetra en la piel, la tonifica y retrasa el envejecimiento<\/p>\n<p>Zumo de Aloe vera, \u00e1cido hialur\u00f3nico y amino\u00e1cidos<\/p>\n<p>50 ml<\/p>\n","protected":false},"featured_media":14087,"comment_status":"open","ping_status":"closed","template":"","meta":[],"product_brand":[],"product_cat":[384],"product_tag":[2707],"class_list":{"0":"post-14086","1":"product","2":"type-product","3":"status-publish","4":"has-post-thumbnail","6":"product_cat-serum-facial","7":"product_tag-serum-facial-y-escote-hidratacion-intensa-aloe-vera-ecologico","9":"first","10":"instock","11":"taxable","12":"shipping-taxable","13":"purchasable","14":"product-type-simple"},"jetpack_sharing_enabled":true,"_links":{"self":[{"href":"https:\/\/www.sirabel.es\/tiendasirabel\/wp-json\/wp\/v2\/product\/14086","targetHints":{"allow":["GET"]}}],"collection":[{"href":"https:\/\/www.sirabel.es\/tiendasirabel\/wp-json\/wp\/v2\/product"}],"about":[{"href":"https:\/\/www.sirabel.es\/tiendasirabel\/wp-json\/wp\/v2\/types\/product"}],"replies":[{"embeddable":true,"href":"https:\/\/www.sirabel.es\/tiendasirabel\/wp-json\/wp\/v2\/comments?post=14086"}],"version-history":[{"count":0,"href":"https:\/\/www.sirabel.es\/tiendasirabel\/wp-json\/wp\/v2\/product\/14086\/revisions"}],"wp:featuredmedia":[{"embeddable":true,"href":"https:\/\/www.sirabel.es\/tiendasirabel\/wp-json\/wp\/v2\/media\/14087"}],"wp:attachment":[{"href":"https:\/\/www.sirabel.es\/tiendasirabel\/wp-json\/wp\/v2\/media?parent=14086"}],"wp:term":[{"taxonomy":"product_brand","embeddable":true,"href":"https:\/\/www.sirabel.es\/tiendasirabel\/wp-json\/wp\/v2\/product_brand?post=14086"},{"taxonomy":"product_cat","embeddable":true,"href":"https:\/\/www.sirabel.es\/tiendasirabel\/wp-json\/wp\/v2\/product_cat?post=14086"},{"taxonomy":"product_tag","embeddable":true,"href":"https:\/\/www.sirabel.es\/tiendasirabel\/wp-json\/wp\/v2\/product_tag?post=14086"}],"curies":[{"name":"wp","href":"https:\/\/api.w.org\/{rel}","templated":true}]}}