{"id":14514,"date":"2024-06-22T08:18:36","date_gmt":"2024-06-22T06:18:36","guid":{"rendered":"https:\/\/www.sirabel.es\/tiendasirabel\/?post_type=product&#038;p=14514"},"modified":"2024-09-02T22:03:30","modified_gmt":"2024-09-02T20:03:30","slug":"balsamo-capilar-fortalecedor-cabello-fragil-karite-y-magnolia","status":"publish","type":"product","link":"https:\/\/www.sirabel.es\/tiendasirabel\/producto\/balsamo-capilar-fortalecedor-cabello-fragil-karite-y-magnolia\/","title":{"rendered":"B\u00e1lsamo Capilar Fortalecedor Cabello Fr\u00e1gil, Karit\u00e9 y Magnolia"},"content":{"rendered":"<p>B\u00e1lsamo Capilar Fortalecedor Cabello Fr\u00e1gil, Karit\u00e9 y Magnolia<\/p>\n<p>Nutren y cuidan el cabello, aport\u00e1ndole un brillo intenso y un aspecto saludable<\/p>\n<p>Manteca de Karit\u00e9<\/p>\n<p>Extracto de magnolia<\/p>\n<p>Extracto de resina de crot\u00f3n lechleri<\/p>\n<p>96 % de ingredientes de origen natural vegano<\/p>\n<p><img decoding=\"async\" src=\"https:\/\/alcortesoap.com\/img\/cms\/sello-vegano.jpg\" alt=\"\" width=\"95\" height=\"95\" \/><\/p>\n<p>400ml<\/p>\n","protected":false},"excerpt":{"rendered":"<p>B\u00e1lsamo Capilar Fortalecedor Cabello Fr\u00e1gil, Karit\u00e9 y Magnolia<\/p>\n<p>En un mundo donde la imagen lo es todo y la calidad define el camino hacia el \u00e9xito, cuidarse para seguir el ritmo de la ciudad es esencial<\/p>\n<p>La serie ECOLATIER\u00ae URBAN es una l\u00ednea de cuidado vibrante para la piel y el cabello de uso diario con efecto anticontaminaci\u00f3n<\/p>\n<p>Ser \u00abECOLATIER\u00bb significa que todo lo que hacemos no hace da\u00f1o.<\/p>\n<p>Significa trabajar incansablemente para desarrollar los productos de una manera sostenible que permita prosperar tanto al planeta como a su sociedad.<\/p>\n<p>Ingredientes naturales y cuidadosamente seleccionados nutren y cuidan el cabello, aport\u00e1ndole un brillo intenso y un aspecto saludable<\/p>\n<p>INGREDIENTES ACTIVOS: La manteca de karit\u00e9 nutre e hidrata el cabello seco, devolvi\u00e9ndole su vitalidad<\/p>\n<p>El Extracto de Magnolia fortalece y recubre el cabello quebradizo, forma una pel\u00edcula sobre la superficie del cabello, lo protege de la p\u00e9rdida de humedad y de la exposici\u00f3n a factores ambientales agresivos.<\/p>\n<p>El Extracto de Resina de Croton Lechleri (Sangre de Drag\u00f3n), el Extracto de Moringa, las Vitaminas B5, B6, C, E estimulan la desintoxicaci\u00f3n celular, regeneran la piel, muestran una alta actividad antioxidante y mejoran las funciones de barrera de la piel<\/p>\n<p>Como resultado: cabello fuerte y grueso<\/p>\n<p>MODO DE EMPLEO:<br \/>\nAplicar sobre el cabello mojado. Dejar actuar 1-2 minutos, aclarar con agua tibia. S\u00f3lo para uso externo<\/p>\n<p>400ml<\/p>\n","protected":false},"featured_media":14515,"comment_status":"open","ping_status":"closed","template":"","meta":[],"product_brand":[],"product_cat":[2049],"product_tag":[2741,2742],"class_list":{"0":"post-14514","1":"product","2":"type-product","3":"status-publish","4":"has-post-thumbnail","6":"product_cat-balsamos-capilares-certificados","7":"product_tag-balsamo-capilar-fortalecedor-cabello-fragil","8":"product_tag-karite-y-magnolia","10":"first","11":"instock","12":"taxable","13":"shipping-taxable","14":"purchasable","15":"product-type-simple"},"jetpack_sharing_enabled":true,"_links":{"self":[{"href":"https:\/\/www.sirabel.es\/tiendasirabel\/wp-json\/wp\/v2\/product\/14514","targetHints":{"allow":["GET"]}}],"collection":[{"href":"https:\/\/www.sirabel.es\/tiendasirabel\/wp-json\/wp\/v2\/product"}],"about":[{"href":"https:\/\/www.sirabel.es\/tiendasirabel\/wp-json\/wp\/v2\/types\/product"}],"replies":[{"embeddable":true,"href":"https:\/\/www.sirabel.es\/tiendasirabel\/wp-json\/wp\/v2\/comments?post=14514"}],"version-history":[{"count":0,"href":"https:\/\/www.sirabel.es\/tiendasirabel\/wp-json\/wp\/v2\/product\/14514\/revisions"}],"wp:featuredmedia":[{"embeddable":true,"href":"https:\/\/www.sirabel.es\/tiendasirabel\/wp-json\/wp\/v2\/media\/14515"}],"wp:attachment":[{"href":"https:\/\/www.sirabel.es\/tiendasirabel\/wp-json\/wp\/v2\/media?parent=14514"}],"wp:term":[{"taxonomy":"product_brand","embeddable":true,"href":"https:\/\/www.sirabel.es\/tiendasirabel\/wp-json\/wp\/v2\/product_brand?post=14514"},{"taxonomy":"product_cat","embeddable":true,"href":"https:\/\/www.sirabel.es\/tiendasirabel\/wp-json\/wp\/v2\/product_cat?post=14514"},{"taxonomy":"product_tag","embeddable":true,"href":"https:\/\/www.sirabel.es\/tiendasirabel\/wp-json\/wp\/v2\/product_tag?post=14514"}],"curies":[{"name":"wp","href":"https:\/\/api.w.org\/{rel}","templated":true}]}}