{"id":14520,"date":"2024-06-22T08:23:43","date_gmt":"2024-06-22T06:23:43","guid":{"rendered":"https:\/\/www.sirabel.es\/tiendasirabel\/?post_type=product&#038;p=14520"},"modified":"2024-09-02T22:02:21","modified_gmt":"2024-09-02T20:02:21","slug":"balsamo-capilar-nutricion-y-fuerza-aguacate-ecologico","status":"publish","type":"product","link":"https:\/\/www.sirabel.es\/tiendasirabel\/producto\/balsamo-capilar-nutricion-y-fuerza-aguacate-ecologico\/","title":{"rendered":"B\u00e1lsamo capilar Nutrici\u00f3n y Fuerza Aguacate Ecol\u00f3gico"},"content":{"rendered":"<p>B\u00e1lsamo capilar Nutrici\u00f3n y Fuerza Aguacate Ecol\u00f3gico<\/p>\n<p>Cuida el cabello, bloquea la humedad y suaviza<\/p>\n<p>Para todo tipo de cabellos<\/p>\n<p>Apto para veganos<\/p>\n<p>Aceite de aguacate<\/p>\n<p>Extracto de salvia<\/p>\n<p>Inulina<\/p>\n<p>97 % de ingredientes de origen natural vegano<\/p>\n<p><img decoding=\"async\" src=\"https:\/\/alcortesoap.com\/img\/cms\/sello-vegano.jpg\" alt=\"\" width=\"95\" height=\"95\" \/><\/p>\n<p>250 ml<\/p>\n","protected":false},"excerpt":{"rendered":"<p>B\u00e1lsamo capilar Nutrici\u00f3n y Fuerza Aguacate Ecol\u00f3gico<\/p>\n<p>B\u00e1lsamo ECOLATIER\u00ae Aguacate Ecol\u00f3gico con una f\u00f3rmula \u00fanica e ingredientes org\u00e1nicos, cuida el cabello, bloquea la humedad y suaviza incluso los tipos de cabello rebeldes. Ayuda a optimizar el equilibrio de hidrataci\u00f3n para un cabello de aspecto sano y previene futuras roturas. Seguro para todo tipo de cabellos, ingredientes sin preocupaciones y apto para veganos<\/p>\n<p>Ingrediente org\u00e1nico: El aceite de aguacate org\u00e1nico prensado en fr\u00edo elimina la sequedad, restaura las funciones de barrera de la piel, suaviza y calma el cabello. Rico en vitaminas B, C, D, E y \u00e1cidos grasos insaturados, fortalece y nutre eficazmente todo tipo de cabellos.<\/p>\n<p>Ingredientes activos: El extracto de salvia fortalece el cabello y le proporciona un frescor duradero<\/p>\n<p>La inulina previene la deshidrataci\u00f3n del cabello, lo suaviza y alisa, lo cepilla, le da un brillo y luminosidad naturales.<\/p>\n<p>MODO DE EMPLEO:<strong><br \/>\n<\/strong>Aplicar sobre el cabello mojado. Dejar actuar 1-2 minutos, aclarar con agua tibia. S\u00f3lo para uso externo<\/p>\n<p>250 ml<\/p>\n","protected":false},"featured_media":14521,"comment_status":"open","ping_status":"closed","template":"","meta":[],"product_brand":[],"product_cat":[2049],"product_tag":[2744],"class_list":{"0":"post-14520","1":"product","2":"type-product","3":"status-publish","4":"has-post-thumbnail","6":"product_cat-balsamos-capilares-certificados","7":"product_tag-balsamo-capilar-nutricion-y-fuerza-aguacate-ecologico","9":"first","10":"instock","11":"taxable","12":"shipping-taxable","13":"purchasable","14":"product-type-simple"},"jetpack_sharing_enabled":true,"_links":{"self":[{"href":"https:\/\/www.sirabel.es\/tiendasirabel\/wp-json\/wp\/v2\/product\/14520","targetHints":{"allow":["GET"]}}],"collection":[{"href":"https:\/\/www.sirabel.es\/tiendasirabel\/wp-json\/wp\/v2\/product"}],"about":[{"href":"https:\/\/www.sirabel.es\/tiendasirabel\/wp-json\/wp\/v2\/types\/product"}],"replies":[{"embeddable":true,"href":"https:\/\/www.sirabel.es\/tiendasirabel\/wp-json\/wp\/v2\/comments?post=14520"}],"version-history":[{"count":0,"href":"https:\/\/www.sirabel.es\/tiendasirabel\/wp-json\/wp\/v2\/product\/14520\/revisions"}],"wp:featuredmedia":[{"embeddable":true,"href":"https:\/\/www.sirabel.es\/tiendasirabel\/wp-json\/wp\/v2\/media\/14521"}],"wp:attachment":[{"href":"https:\/\/www.sirabel.es\/tiendasirabel\/wp-json\/wp\/v2\/media?parent=14520"}],"wp:term":[{"taxonomy":"product_brand","embeddable":true,"href":"https:\/\/www.sirabel.es\/tiendasirabel\/wp-json\/wp\/v2\/product_brand?post=14520"},{"taxonomy":"product_cat","embeddable":true,"href":"https:\/\/www.sirabel.es\/tiendasirabel\/wp-json\/wp\/v2\/product_cat?post=14520"},{"taxonomy":"product_tag","embeddable":true,"href":"https:\/\/www.sirabel.es\/tiendasirabel\/wp-json\/wp\/v2\/product_tag?post=14520"}],"curies":[{"name":"wp","href":"https:\/\/api.w.org\/{rel}","templated":true}]}}