{"id":14526,"date":"2024-06-22T08:37:38","date_gmt":"2024-06-22T06:37:38","guid":{"rendered":"https:\/\/www.sirabel.es\/tiendasirabel\/?post_type=product&#038;p=14526"},"modified":"2026-03-20T14:36:56","modified_gmt":"2026-03-20T13:36:56","slug":"balsamo-capilar-hidratante-y-fortificante-aloe-vera-ecologico","status":"publish","type":"product","link":"https:\/\/www.sirabel.es\/tiendasirabel\/producto\/balsamo-capilar-hidratante-y-fortificante-aloe-vera-ecologico\/","title":{"rendered":"B\u00e1lsamo Capilar Hidratante y Fortificante Aloe Vera Ecol\u00f3gico"},"content":{"rendered":"<p>B\u00e1lsamo Capilar Hidratante y Fortificante Aloe Vera Ecol\u00f3gico<\/p>\n<div id=\"product-description-short-4459\" class=\"product-description-short mb-3 truncate_block st_showless_block_0 truncate_cate_desc_0\">\n<div class=\"st_read_more_box\">\n<p>Cuida el cabello<\/p>\n<p>Zumo de aloe vera<\/p>\n<p>Prote\u00ednas de arroz<\/p>\n<p>Extracto de c\u00e1lamo (bandera dulce)<\/p>\n<p>97 % de ingredientes\u00a0de origen natural vegano<\/p>\n<p><img decoding=\"async\" src=\"https:\/\/alcortesoap.com\/img\/cms\/sello-vegano.jpg\" alt=\"\" width=\"95\" height=\"95\" \/><\/p>\n<p>250 ml<\/p>\n<\/div>\n<\/div>\n<div class=\"steasy_divider between_short_and_price\"><\/div>\n","protected":false},"excerpt":{"rendered":"<p>B\u00e1lsamo Capilar Hidratante y Fortificante Aloe Vera Ecol\u00f3gico<\/p>\n<p>El B\u00e1lsamo ECOLATIER\u00ae Aloe Vera org\u00e1nica con una f\u00f3rmula \u00fanica e ingredientes org\u00e1nicos, cuida el cabello, bloquea la humedad y suaviza incluso los tipos de cabello rebeldes. Ayuda a optimizar el equilibrio de hidrataci\u00f3n para un cabello de aspecto sano y previene futuras roturas. Seguro para todo tipo de cabellos, ingredientes sin preocupaciones y apto para veganos<\/p>\n<p>Ingrediente org\u00e1nico: El zumo de aloe vera ecol\u00f3gico extra\u00eddo directamente de la planta es rico en vitaminas, amino\u00e1cidos, polisac\u00e1ridos y fitoncidas, y estimula la regeneraci\u00f3n celular. Hidrata eficazmente, fortalece y proporciona el crecimiento del cabello<\/p>\n<p>Ingredientes activos: Las Prote\u00ednas de Arroz son el relleno natural del cabello, restauran y potencian el cabello, proporcionan una nutrici\u00f3n intensiva desde las ra\u00edces hasta las puntas, fortalecen el cabello.<\/p>\n<p>El extracto de c\u00e1lamo (bandera dulce)\u00a0fortalece el cabello, estimula su crecimiento<\/p>\n<p>MODO DE EMPLEO:<strong><br \/>\n<\/strong>Aplicar sobre el cabello mojado. Dejar actuar 1-2 minutos, aclarar con agua tibia. S\u00f3lo para uso externo<\/p>\n<p>250 ml<\/p>\n","protected":false},"featured_media":14527,"comment_status":"open","ping_status":"closed","template":"","meta":[],"product_brand":[],"product_cat":[2049],"product_tag":[2746],"class_list":{"0":"post-14526","1":"product","2":"type-product","3":"status-publish","4":"has-post-thumbnail","6":"product_cat-balsamos-capilares-certificados","7":"product_tag-balsamo-capilar-hidratante-y-fortificante-aloe-vera-ecologico","9":"first","10":"outofstock","11":"taxable","12":"shipping-taxable","13":"purchasable","14":"product-type-simple"},"jetpack_sharing_enabled":true,"_links":{"self":[{"href":"https:\/\/www.sirabel.es\/tiendasirabel\/wp-json\/wp\/v2\/product\/14526","targetHints":{"allow":["GET"]}}],"collection":[{"href":"https:\/\/www.sirabel.es\/tiendasirabel\/wp-json\/wp\/v2\/product"}],"about":[{"href":"https:\/\/www.sirabel.es\/tiendasirabel\/wp-json\/wp\/v2\/types\/product"}],"replies":[{"embeddable":true,"href":"https:\/\/www.sirabel.es\/tiendasirabel\/wp-json\/wp\/v2\/comments?post=14526"}],"version-history":[{"count":1,"href":"https:\/\/www.sirabel.es\/tiendasirabel\/wp-json\/wp\/v2\/product\/14526\/revisions"}],"predecessor-version":[{"id":16838,"href":"https:\/\/www.sirabel.es\/tiendasirabel\/wp-json\/wp\/v2\/product\/14526\/revisions\/16838"}],"wp:featuredmedia":[{"embeddable":true,"href":"https:\/\/www.sirabel.es\/tiendasirabel\/wp-json\/wp\/v2\/media\/14527"}],"wp:attachment":[{"href":"https:\/\/www.sirabel.es\/tiendasirabel\/wp-json\/wp\/v2\/media?parent=14526"}],"wp:term":[{"taxonomy":"product_brand","embeddable":true,"href":"https:\/\/www.sirabel.es\/tiendasirabel\/wp-json\/wp\/v2\/product_brand?post=14526"},{"taxonomy":"product_cat","embeddable":true,"href":"https:\/\/www.sirabel.es\/tiendasirabel\/wp-json\/wp\/v2\/product_cat?post=14526"},{"taxonomy":"product_tag","embeddable":true,"href":"https:\/\/www.sirabel.es\/tiendasirabel\/wp-json\/wp\/v2\/product_tag?post=14526"}],"curies":[{"name":"wp","href":"https:\/\/api.w.org\/{rel}","templated":true}]}}