{"id":14681,"date":"2024-07-30T12:47:49","date_gmt":"2024-07-30T10:47:49","guid":{"rendered":"https:\/\/www.sirabel.es\/tiendasirabel\/?post_type=product&#038;p=14681"},"modified":"2024-09-02T21:40:41","modified_gmt":"2024-09-02T19:40:41","slug":"jabon-liquido-de-alepo-de-jazmin","status":"publish","type":"product","link":"https:\/\/www.sirabel.es\/tiendasirabel\/producto\/jabon-liquido-de-alepo-de-jazmin\/","title":{"rendered":"Jab\u00f3n l\u00edquido de Alepo de Jazm\u00edn"},"content":{"rendered":"<p>Jab\u00f3n l\u00edquido de Alepo de Jazm\u00edn<\/p>\n","protected":false},"excerpt":{"rendered":"<p>Jab\u00f3n l\u00edquido de Alepo de Jazm\u00edn.<\/p>\n<p>Aporta hidrataci\u00f3n y calma la piel.<\/p>\n<p>Pieles sensibles, secas y at\u00f3picas.<\/p>\n<p>350 ml<\/p>\n<p>Elaborado con Aceite de Oliva Virgen como ingrediente principal y Aceite de Laurel.<\/p>\n<p>Producto ideal para cara y cuerpo.<\/p>\n<p>No testado en animales.<\/p>\n<p>Este jab\u00f3n l\u00edquido est\u00e1 elaborado y saponificado seg\u00fan el m\u00e9todo tradicional del jab\u00f3n de Alepo con aceite de oliva y laurel.<\/p>\n<p>Aporta hidrataci\u00f3n, calma la piel y proporciona un cuidado especial a las pieles m\u00e1s sensibles, secas y at\u00f3picas incluyendo el cuero cabelludo.<\/p>\n<p>Jab\u00f3n cocinado durante dos d\u00edas por un maestro jabonero de Alepo por el m\u00e9todo de cocci\u00f3n en caldera tradicional.<\/p>\n<p>Sin SLS, Sin siliconas, sin parabenos.<\/p>\n","protected":false},"featured_media":14682,"comment_status":"open","ping_status":"closed","template":"","meta":[],"product_brand":[],"product_cat":[2760],"product_tag":[2762],"class_list":{"0":"post-14681","1":"product","2":"type-product","3":"status-publish","4":"has-post-thumbnail","6":"product_cat-gel-pieles-atopicas","7":"product_tag-jabon-liquido-de-alepo-de-jazmin","9":"first","10":"instock","11":"taxable","12":"shipping-taxable","13":"purchasable","14":"product-type-simple"},"jetpack_sharing_enabled":true,"_links":{"self":[{"href":"https:\/\/www.sirabel.es\/tiendasirabel\/wp-json\/wp\/v2\/product\/14681","targetHints":{"allow":["GET"]}}],"collection":[{"href":"https:\/\/www.sirabel.es\/tiendasirabel\/wp-json\/wp\/v2\/product"}],"about":[{"href":"https:\/\/www.sirabel.es\/tiendasirabel\/wp-json\/wp\/v2\/types\/product"}],"replies":[{"embeddable":true,"href":"https:\/\/www.sirabel.es\/tiendasirabel\/wp-json\/wp\/v2\/comments?post=14681"}],"version-history":[{"count":0,"href":"https:\/\/www.sirabel.es\/tiendasirabel\/wp-json\/wp\/v2\/product\/14681\/revisions"}],"wp:featuredmedia":[{"embeddable":true,"href":"https:\/\/www.sirabel.es\/tiendasirabel\/wp-json\/wp\/v2\/media\/14682"}],"wp:attachment":[{"href":"https:\/\/www.sirabel.es\/tiendasirabel\/wp-json\/wp\/v2\/media?parent=14681"}],"wp:term":[{"taxonomy":"product_brand","embeddable":true,"href":"https:\/\/www.sirabel.es\/tiendasirabel\/wp-json\/wp\/v2\/product_brand?post=14681"},{"taxonomy":"product_cat","embeddable":true,"href":"https:\/\/www.sirabel.es\/tiendasirabel\/wp-json\/wp\/v2\/product_cat?post=14681"},{"taxonomy":"product_tag","embeddable":true,"href":"https:\/\/www.sirabel.es\/tiendasirabel\/wp-json\/wp\/v2\/product_tag?post=14681"}],"curies":[{"name":"wp","href":"https:\/\/api.w.org\/{rel}","templated":true}]}}