{"id":14996,"date":"2024-09-04T07:09:00","date_gmt":"2024-09-04T05:09:00","guid":{"rendered":"https:\/\/www.sirabel.es\/tiendasirabel\/?post_type=product&#038;p=14996"},"modified":"2024-09-04T07:09:01","modified_gmt":"2024-09-04T05:09:01","slug":"zotal-locion-repelente-para-mascotas-y-caballos","status":"publish","type":"product","link":"https:\/\/www.sirabel.es\/tiendasirabel\/producto\/zotal-locion-repelente-para-mascotas-y-caballos\/","title":{"rendered":"ZOTAL Loci\u00f3n Repelente para mascotas y caballos"},"content":{"rendered":"<p>ZOTAL Loci\u00f3n Repelente para mascotas y caballos<\/p>\n","protected":false},"excerpt":{"rendered":"<p class=\"p1\"><strong>PARASITAL\u00ae<\/strong>\u00a0<strong>Loci\u00f3n<\/strong>\u00a0<strong>Repelente<\/strong>\u00a0es producto repelente destinado a perros, \u00e9quidos y otros animales de compa\u00f1\u00eda con un ingrediente fijador que adhiere el producto al pelo del animal protegi\u00e9ndole durante 15 d\u00edas de insectos y par\u00e1sitos externos. Eficacia testada en laboratorio dando unos excelentes resultados, con una buena facilidad y seguridad de uso. Repele el mosquito Fleb\u00f3tomo por lo que previene la Leishmaniasis en perros. No aplicar en gatos ni animales menores de dos meses. Pulverizar a unos 20-30 cm del animal.<\/p>\n<h5 class=\"p1\"><strong>Composici\u00f3n:<\/strong><\/h5>\n<ul>\n<li class=\"p1\">\n<p class=\"p1\">Chrysanthemum Cinerariefolium<\/p>\n<\/li>\n<li class=\"p1\">\n<p class=\"p1\">Aceite esencial de lavand\u00edn<\/p>\n<\/li>\n<li class=\"p1\">\n<p class=\"p1\">Excipiente c.s.p.<\/p>\n<\/li>\n<\/ul>\n<h2><strong>Indicaciones<\/strong><\/h2>\n<p class=\"p1\">Los productos de la gama\u00a0<strong>PARASITAL\u00ae<\/strong>\u00a0<strong>Loci\u00f3n<\/strong>\u00a0<strong>Repelente<\/strong><span class=\"s1\">\u00a0<\/span>est\u00e1n indicados para acabar con las MOLESTIAS causadas por los insectos y \u00e1caros, tan comunes en la vida diaria de nuestras mascotas. Con una alta capacidad de REPELENCIA y PERSISTENCIA, la gama\u00a0<strong>PARASITAL\u00ae<\/strong>\u00a0<strong>Loci\u00f3n<\/strong>\u00a0<strong>Repelente<\/strong><span class=\"s1\">\u00a0<\/span>cuida a los animales de forma natural. Proporciona un grado de CONFORMATIBILIDAD Y BIENESTAR que hacen m\u00e1s f\u00e1cil la vida diaria del animal y de su propietario.<\/p>\n<p class=\"p1\">La f\u00f3rmula contiene un agente fijador que adhiere el producto al pelo del animal protegi\u00e9ndose de una manera eficaz. Laboratorios independientes homologados garantizan la extraordinaria eficacia y persistencia de los ingredientes activos.<\/p>\n<p class=\"p1\">Estudios experimentales han demostrado tambi\u00e9n su eficacia repelente frente a mosquitos del g\u00e9nero Phlebotomus, transmisores de la Leishmaniasis.<\/p>\n<p class=\"p1\"><span class=\"s1\"><strong>PARASITAL\u00ae<\/strong>\u00a0<strong>Loci\u00f3n<\/strong>\u00a0<strong>Repelente<\/strong>\u00a0<\/span>puede ser utilizado para repeler los ataques de pulgas, garrapatas, moscas y mosquitos sobre nuestros animales.<\/p>\n<h5><strong>Modo de empleo<\/strong><\/h5>\n<p class=\"p1\">Pulverizar a unos 20-30 cm del animal un cierto n\u00famero de veces seg\u00fan se indica a continuaci\u00f3n:<\/p>\n<ul>\n<li class=\"p1\">Perros peque\u00f1os: 4 aplicaciones.<\/li>\n<li class=\"p1\">Perros medianos: 6 a 8 aplicaciones.<\/li>\n<li class=\"p1\">Perros grandes: 8 a 10 aplicaciones.<\/li>\n<li class=\"p1\">Ovejas y cabras: 9 a 11 aplicaciones.<\/li>\n<li class=\"p1\">Caballos y vacuno: 10 a 14 aplicaciones.<\/li>\n<li class=\"p1\">Aves: 1 aplicaci\u00f3n en la espalda o dos debajo de las alas en funci\u00f3n del tama\u00f1o del tama\u00f1o del animal.<\/li>\n<\/ul>\n<p class=\"p1\">Tras su aplicaci\u00f3n, el producto proporciona protecci\u00f3n frente a las picaduras de insectos durante un periodo de 7-10 d\u00edas.<\/p>\n<p class=\"p1\">El producto puede tambi\u00e9n pulverizarse sobre la cesta o estera de los perros a fin de repeler los par\u00e1sitos que se encuentren en esta zona.<\/p>\n","protected":false},"featured_media":14997,"comment_status":"open","ping_status":"closed","template":"","meta":[],"product_brand":[],"product_cat":[2770],"product_tag":[2800],"class_list":{"0":"post-14996","1":"product","2":"type-product","3":"status-publish","4":"has-post-thumbnail","6":"product_cat-mascotas-antiparasitos","7":"product_tag-zotal-locion-repelente-para-mascotas-y-caballos","9":"first","10":"instock","11":"taxable","12":"shipping-taxable","13":"purchasable","14":"product-type-simple"},"jetpack_sharing_enabled":true,"_links":{"self":[{"href":"https:\/\/www.sirabel.es\/tiendasirabel\/wp-json\/wp\/v2\/product\/14996","targetHints":{"allow":["GET"]}}],"collection":[{"href":"https:\/\/www.sirabel.es\/tiendasirabel\/wp-json\/wp\/v2\/product"}],"about":[{"href":"https:\/\/www.sirabel.es\/tiendasirabel\/wp-json\/wp\/v2\/types\/product"}],"replies":[{"embeddable":true,"href":"https:\/\/www.sirabel.es\/tiendasirabel\/wp-json\/wp\/v2\/comments?post=14996"}],"version-history":[{"count":0,"href":"https:\/\/www.sirabel.es\/tiendasirabel\/wp-json\/wp\/v2\/product\/14996\/revisions"}],"wp:featuredmedia":[{"embeddable":true,"href":"https:\/\/www.sirabel.es\/tiendasirabel\/wp-json\/wp\/v2\/media\/14997"}],"wp:attachment":[{"href":"https:\/\/www.sirabel.es\/tiendasirabel\/wp-json\/wp\/v2\/media?parent=14996"}],"wp:term":[{"taxonomy":"product_brand","embeddable":true,"href":"https:\/\/www.sirabel.es\/tiendasirabel\/wp-json\/wp\/v2\/product_brand?post=14996"},{"taxonomy":"product_cat","embeddable":true,"href":"https:\/\/www.sirabel.es\/tiendasirabel\/wp-json\/wp\/v2\/product_cat?post=14996"},{"taxonomy":"product_tag","embeddable":true,"href":"https:\/\/www.sirabel.es\/tiendasirabel\/wp-json\/wp\/v2\/product_tag?post=14996"}],"curies":[{"name":"wp","href":"https:\/\/api.w.org\/{rel}","templated":true}]}}