{"id":15204,"date":"2024-09-22T21:45:13","date_gmt":"2024-09-22T19:45:13","guid":{"rendered":"https:\/\/www.sirabel.es\/tiendasirabel\/?post_type=product&#038;p=15204"},"modified":"2024-09-22T21:45:13","modified_gmt":"2024-09-22T19:45:13","slug":"acondicionador-organico-sin-aclarado-para-el-cabello-seco","status":"publish","type":"product","link":"https:\/\/www.sirabel.es\/tiendasirabel\/producto\/acondicionador-organico-sin-aclarado-para-el-cabello-seco\/","title":{"rendered":"Acondicionador org\u00e1nico sin aclarado para el cabello seco"},"content":{"rendered":"<p>Acondicionador org\u00e1nico sin aclarado para el cabello seco<\/p>\n","protected":false},"excerpt":{"rendered":"<p>Este acondicionador sin aclarado otorga hidrataci\u00f3n y deja el cabello m\u00e1s suave y brillante. La mezcla de extracto de alcachofa org\u00e1nico y el aceite de br\u00f3coli org\u00e1nico ayuda a revitalizar el cabello seco, dej\u00e1ndolo hidratado con cuerpo, mientras lo acondiciona de la ra\u00edz a las puntas.<\/p>\n<p>Modo de empleo:\u00a0Aplicar\u00a0a una distancia de 20-30cm sobre el cabello h\u00famedo secado con toalla, peinar como de costumbre.\u00a0Producto 98% de origen natural<\/p>\n<p>Certificaci\u00f3n\u00a0BDIH (Cosmos Natural) y\u00a0The Vegan Society (UK)<\/p>\n<p>El certificado BDIH confirma los est\u00e1ndares m\u00e1s estrictos\u00a0alemanes de calidad para los cosm\u00e9ticos naturales y org\u00e1nicos.<\/p>\n<p>Sin\u00a0SLS, sin parabenos, Sin\u00a0SILICONAS<\/p>\n<p>75 ml de volumen<\/p>\n","protected":false},"featured_media":15205,"comment_status":"open","ping_status":"closed","template":"","meta":[],"product_brand":[],"product_cat":[2071],"product_tag":[2844],"class_list":{"0":"post-15204","1":"product","2":"type-product","3":"status-publish","4":"has-post-thumbnail","6":"product_cat-cabello-cuidado-vegano","7":"product_tag-acondicionador-organico-sin-aclarado-para-el-cabello-seco","9":"first","10":"instock","11":"taxable","12":"shipping-taxable","13":"purchasable","14":"product-type-simple"},"jetpack_sharing_enabled":true,"_links":{"self":[{"href":"https:\/\/www.sirabel.es\/tiendasirabel\/wp-json\/wp\/v2\/product\/15204","targetHints":{"allow":["GET"]}}],"collection":[{"href":"https:\/\/www.sirabel.es\/tiendasirabel\/wp-json\/wp\/v2\/product"}],"about":[{"href":"https:\/\/www.sirabel.es\/tiendasirabel\/wp-json\/wp\/v2\/types\/product"}],"replies":[{"embeddable":true,"href":"https:\/\/www.sirabel.es\/tiendasirabel\/wp-json\/wp\/v2\/comments?post=15204"}],"version-history":[{"count":0,"href":"https:\/\/www.sirabel.es\/tiendasirabel\/wp-json\/wp\/v2\/product\/15204\/revisions"}],"wp:featuredmedia":[{"embeddable":true,"href":"https:\/\/www.sirabel.es\/tiendasirabel\/wp-json\/wp\/v2\/media\/15205"}],"wp:attachment":[{"href":"https:\/\/www.sirabel.es\/tiendasirabel\/wp-json\/wp\/v2\/media?parent=15204"}],"wp:term":[{"taxonomy":"product_brand","embeddable":true,"href":"https:\/\/www.sirabel.es\/tiendasirabel\/wp-json\/wp\/v2\/product_brand?post=15204"},{"taxonomy":"product_cat","embeddable":true,"href":"https:\/\/www.sirabel.es\/tiendasirabel\/wp-json\/wp\/v2\/product_cat?post=15204"},{"taxonomy":"product_tag","embeddable":true,"href":"https:\/\/www.sirabel.es\/tiendasirabel\/wp-json\/wp\/v2\/product_tag?post=15204"}],"curies":[{"name":"wp","href":"https:\/\/api.w.org\/{rel}","templated":true}]}}