{"id":15246,"date":"2024-10-27T16:19:05","date_gmt":"2024-10-27T15:19:05","guid":{"rendered":"https:\/\/www.sirabel.es\/tiendasirabel\/?post_type=product&#038;p=15246"},"modified":"2026-03-18T19:50:13","modified_gmt":"2026-03-18T18:50:13","slug":"exfoliante-corporal-nutricion-profunda-aguacate-ecologico-2","status":"publish","type":"product","link":"https:\/\/www.sirabel.es\/tiendasirabel\/producto\/exfoliante-corporal-nutricion-profunda-aguacate-ecologico-2\/","title":{"rendered":"Exfoliante Corporal Nutrici\u00f3n Profunda Aguacate Ecol\u00f3gico"},"content":{"rendered":"<p>Exfoliante Corporal Nutrici\u00f3n Profunda Aguacate Ecol\u00f3gico<\/p>\n","protected":false},"excerpt":{"rendered":"<p>El Exfoliante Corporal ECOLATIER\u00ae Aguacate Ecol\u00f3gico con principios activos naturales proporciona un efecto anticelul\u00edtico, estimula los procesos de drenaje linf\u00e1tico, act\u00faa activamente sobre las zonas problem\u00e1ticas del cuerpo. Mejora la firmeza y elasticidad de la piel<\/p>\n<p>Ingredientes ecol\u00f3gicos: El aceite de aguacate org\u00e1nico prensado en fr\u00edo contiene vitaminas y antioxidantes, estimula la producci\u00f3n de col\u00e1geno, restaura las funciones de barrera de la piel. Rico en vitaminas B, D, E, F y \u00e1cidos grasos insaturados, nutre eficazmente la piel, elimina la sequedad y proporciona una suavidad duradera.<\/p>\n<p>Principios activos: El az\u00facar exfolia suavemente la piel, la enriquece con minerales y microelementos, activa la renovaci\u00f3n de la epidermis<\/p>\n<p>La manteca de cacao hidrata y suaviza la piel, aumenta la elasticidad y la firmeza, favorece la regeneraci\u00f3n de las c\u00e9lulas cut\u00e1neas.<\/p>\n<p><strong>MODO DE EMPLEO:<br \/>\n<\/strong>Aplicar sobre la piel h\u00fameda, masajear suavemente y aclarar con agua tibia. S\u00f3lo para uso externo<\/p>\n","protected":false},"featured_media":15247,"comment_status":"open","ping_status":"closed","template":"","meta":[],"product_brand":[],"product_cat":[2409],"product_tag":[2414],"class_list":{"0":"post-15246","1":"product","2":"type-product","3":"status-publish","4":"has-post-thumbnail","6":"product_cat-exfoliante-vegano-corporal","7":"product_tag-exfoliante-corporal-nutricion-profunda-aguacate-ecologico","9":"first","10":"instock","11":"featured","12":"taxable","13":"shipping-taxable","14":"purchasable","15":"product-type-simple"},"jetpack_sharing_enabled":true,"_links":{"self":[{"href":"https:\/\/www.sirabel.es\/tiendasirabel\/wp-json\/wp\/v2\/product\/15246","targetHints":{"allow":["GET"]}}],"collection":[{"href":"https:\/\/www.sirabel.es\/tiendasirabel\/wp-json\/wp\/v2\/product"}],"about":[{"href":"https:\/\/www.sirabel.es\/tiendasirabel\/wp-json\/wp\/v2\/types\/product"}],"replies":[{"embeddable":true,"href":"https:\/\/www.sirabel.es\/tiendasirabel\/wp-json\/wp\/v2\/comments?post=15246"}],"version-history":[{"count":0,"href":"https:\/\/www.sirabel.es\/tiendasirabel\/wp-json\/wp\/v2\/product\/15246\/revisions"}],"wp:featuredmedia":[{"embeddable":true,"href":"https:\/\/www.sirabel.es\/tiendasirabel\/wp-json\/wp\/v2\/media\/15247"}],"wp:attachment":[{"href":"https:\/\/www.sirabel.es\/tiendasirabel\/wp-json\/wp\/v2\/media?parent=15246"}],"wp:term":[{"taxonomy":"product_brand","embeddable":true,"href":"https:\/\/www.sirabel.es\/tiendasirabel\/wp-json\/wp\/v2\/product_brand?post=15246"},{"taxonomy":"product_cat","embeddable":true,"href":"https:\/\/www.sirabel.es\/tiendasirabel\/wp-json\/wp\/v2\/product_cat?post=15246"},{"taxonomy":"product_tag","embeddable":true,"href":"https:\/\/www.sirabel.es\/tiendasirabel\/wp-json\/wp\/v2\/product_tag?post=15246"}],"curies":[{"name":"wp","href":"https:\/\/api.w.org\/{rel}","templated":true}]}}