{"id":5774,"date":"2024-01-10T14:02:05","date_gmt":"2024-01-10T13:02:05","guid":{"rendered":"https:\/\/www.sirabel.es\/tiendasirabel\/?post_type=product&#038;p=5774"},"modified":"2024-04-28T10:43:31","modified_gmt":"2024-04-28T08:43:31","slug":"jabon-natural-lavanda-porcion-individual","status":"publish","type":"product","link":"https:\/\/www.sirabel.es\/tiendasirabel\/producto\/jabon-natural-lavanda-porcion-individual\/","title":{"rendered":"Jab\u00f3n Natural Lavanda &#8211; Porci\u00f3n Individual"},"content":{"rendered":"<p>Jab\u00f3n Natural Lavanda &#8211; Porci\u00f3n Individual<\/p>\n","protected":false},"excerpt":{"rendered":"<p>La lavanda se ha utilizado desde la antig\u00fcedad, como relajante natural.<\/p>\n<p>La lavanda es una planta que nos aporta m\u00faltiples beneficios. El jab\u00f3n de lavanda contiene aceites esenciales de lavanda.<\/p>\n<p>Beneficios:<\/p>\n<p>&#8211; Al poseer propiedades hidratantes, ayuda a mantener la piel hidrata y suave.<\/p>\n<p>&#8211; Este jab\u00f3n es \u00fatil para las personas con pieles sensibles o irritadas, ya que posee propiedades antinflamatorias que alivian la irritaci\u00f3n.<\/p>\n<p>Este jab\u00f3n artesanal est\u00e1 hecho a mano y se utiliz\u00f3 el m\u00e9todo tradicional de fabricaci\u00f3n en fr\u00edo, adem\u00e1s estos jabones se elaboran con aceite de oliva y aceite de coco que posee propiedades de beneficiosas para la piel.<\/p>\n<p>Los jabones de aceite de oliva fueron uno de los primeros jabones vegetales.<\/p>\n<p>Este jab\u00f3n no contiene SLS y ni parabenos.<\/p>\n<p>Peso porci\u00f3n 100 Gramos \/Unidad<br \/>\nEste jab\u00f3n no contiene SLS y ni parabenos. Es totalmente vegetal<\/p>\n","protected":false},"featured_media":5776,"comment_status":"open","ping_status":"closed","template":"","meta":[],"product_brand":[],"product_cat":[100],"product_tag":[268],"class_list":{"0":"post-5774","1":"product","2":"type-product","3":"status-publish","4":"has-post-thumbnail","6":"product_cat-jabones-artesanales-individuales-con-aceite-vegetal-100-gramos","7":"product_tag-jabon-natural-lavanda","9":"first","10":"instock","11":"taxable","12":"shipping-taxable","13":"purchasable","14":"product-type-simple"},"jetpack_sharing_enabled":true,"_links":{"self":[{"href":"https:\/\/www.sirabel.es\/tiendasirabel\/wp-json\/wp\/v2\/product\/5774","targetHints":{"allow":["GET"]}}],"collection":[{"href":"https:\/\/www.sirabel.es\/tiendasirabel\/wp-json\/wp\/v2\/product"}],"about":[{"href":"https:\/\/www.sirabel.es\/tiendasirabel\/wp-json\/wp\/v2\/types\/product"}],"replies":[{"embeddable":true,"href":"https:\/\/www.sirabel.es\/tiendasirabel\/wp-json\/wp\/v2\/comments?post=5774"}],"version-history":[{"count":0,"href":"https:\/\/www.sirabel.es\/tiendasirabel\/wp-json\/wp\/v2\/product\/5774\/revisions"}],"wp:featuredmedia":[{"embeddable":true,"href":"https:\/\/www.sirabel.es\/tiendasirabel\/wp-json\/wp\/v2\/media\/5776"}],"wp:attachment":[{"href":"https:\/\/www.sirabel.es\/tiendasirabel\/wp-json\/wp\/v2\/media?parent=5774"}],"wp:term":[{"taxonomy":"product_brand","embeddable":true,"href":"https:\/\/www.sirabel.es\/tiendasirabel\/wp-json\/wp\/v2\/product_brand?post=5774"},{"taxonomy":"product_cat","embeddable":true,"href":"https:\/\/www.sirabel.es\/tiendasirabel\/wp-json\/wp\/v2\/product_cat?post=5774"},{"taxonomy":"product_tag","embeddable":true,"href":"https:\/\/www.sirabel.es\/tiendasirabel\/wp-json\/wp\/v2\/product_tag?post=5774"}],"curies":[{"name":"wp","href":"https:\/\/api.w.org\/{rel}","templated":true}]}}