{"id":6247,"date":"2024-01-15T09:57:50","date_gmt":"2024-01-15T08:57:50","guid":{"rendered":"https:\/\/www.sirabel.es\/tiendasirabel\/?post_type=product&#038;p=6247"},"modified":"2024-01-21T23:23:08","modified_gmt":"2024-01-21T22:23:08","slug":"paquete-de-regalo-de-bombas-de-bano-navidenas-break-the-ice","status":"publish","type":"product","link":"https:\/\/www.sirabel.es\/tiendasirabel\/producto\/paquete-de-regalo-de-bombas-de-bano-navidenas-break-the-ice\/","title":{"rendered":"Paquete de regalo de bombas de ba\u00f1o navide\u00f1as Break the Ice"},"content":{"rendered":"<p>Paquete de regalo de bombas de ba\u00f1o navide\u00f1as Break the Ice<\/p>\n<p>Sodium Bicarbonate,\u00a0Citric Acid,\u00a0Aqua,\u00a0Parfum,\u00a0Butyrospermum Parkii (Shea) Butter,\u00a0Acacia Senegal Gum,\u00a0Potassium Sorbate,\u00a0Benzyl Benzoate,\u00a0(+\/- CI 77891,\u00a0CI 77820,\u00a0CI 42090<\/p>\n","protected":false},"excerpt":{"rendered":"<p>\u00a1La \u00e9poca de navidad es una de las mejores \u00e9pocas del a\u00f1o, y qu\u00e9 mejor regalo que estos preciosos pack de bombas de ba\u00f1o!<\/p>\n<p>Tenemos disponibles 5 modelos diferentes: listado de deseos, rompe el hielo, sigue a la estrella, noche de paz y ciudad de jengibre.<\/p>\n<p>\u00a1Prepare su tienda para la \u00e9poca de navidad!<\/p>\n<p>Los dise\u00f1os de estas bombas son elegantes y divertidas. La caja donde vienen las bombas son atractivas y festivas.<\/p>\n<p>Estas bombas de ba\u00f1o han sido elaboradas a mano y el olor que desprenden son incre\u00edbles y cautivadores.<\/p>\n","protected":false},"featured_media":6248,"comment_status":"open","ping_status":"closed","template":"","meta":[],"product_brand":[],"product_cat":[422],"product_tag":[650],"class_list":{"0":"post-6247","1":"product","2":"type-product","3":"status-publish","4":"has-post-thumbnail","6":"product_cat-bombas-navidenas","7":"product_tag-paquete-de-regalo-de-bombas-de-bano-navidenas-break-the-ice","9":"first","10":"instock","11":"taxable","12":"shipping-taxable","13":"purchasable","14":"product-type-simple"},"jetpack_sharing_enabled":true,"_links":{"self":[{"href":"https:\/\/www.sirabel.es\/tiendasirabel\/wp-json\/wp\/v2\/product\/6247","targetHints":{"allow":["GET"]}}],"collection":[{"href":"https:\/\/www.sirabel.es\/tiendasirabel\/wp-json\/wp\/v2\/product"}],"about":[{"href":"https:\/\/www.sirabel.es\/tiendasirabel\/wp-json\/wp\/v2\/types\/product"}],"replies":[{"embeddable":true,"href":"https:\/\/www.sirabel.es\/tiendasirabel\/wp-json\/wp\/v2\/comments?post=6247"}],"version-history":[{"count":0,"href":"https:\/\/www.sirabel.es\/tiendasirabel\/wp-json\/wp\/v2\/product\/6247\/revisions"}],"wp:featuredmedia":[{"embeddable":true,"href":"https:\/\/www.sirabel.es\/tiendasirabel\/wp-json\/wp\/v2\/media\/6248"}],"wp:attachment":[{"href":"https:\/\/www.sirabel.es\/tiendasirabel\/wp-json\/wp\/v2\/media?parent=6247"}],"wp:term":[{"taxonomy":"product_brand","embeddable":true,"href":"https:\/\/www.sirabel.es\/tiendasirabel\/wp-json\/wp\/v2\/product_brand?post=6247"},{"taxonomy":"product_cat","embeddable":true,"href":"https:\/\/www.sirabel.es\/tiendasirabel\/wp-json\/wp\/v2\/product_cat?post=6247"},{"taxonomy":"product_tag","embeddable":true,"href":"https:\/\/www.sirabel.es\/tiendasirabel\/wp-json\/wp\/v2\/product_tag?post=6247"}],"curies":[{"name":"wp","href":"https:\/\/api.w.org\/{rel}","templated":true}]}}