{"id":6714,"date":"2024-01-16T16:55:41","date_gmt":"2024-01-16T15:55:41","guid":{"rendered":"https:\/\/www.sirabel.es\/tiendasirabel\/?post_type=product&#038;p=6714"},"modified":"2024-01-27T16:04:30","modified_gmt":"2024-01-27T15:04:30","slug":"aceite-esencial-sandalo-amayris","status":"publish","type":"product","link":"https:\/\/www.sirabel.es\/tiendasirabel\/producto\/aceite-esencial-sandalo-amayris\/","title":{"rendered":"Aceite Esencial S\u00e1ndalo Amayris"},"content":{"rendered":"<p>Aceite Esencial S\u00e1ndalo Amayris<\/p>\n<p>Todos nuestros Aceites Esenciales est\u00e1n estudiados y seleccionados cuidadosamente, su pureza esta cient\u00edficamente probada, adem\u00e1s de pasar por rigurosos controles de calidad.<\/p>\n<p>Hemos fabricado y embotellado al por mayor aceites esenciales durante m\u00e1s de 22 a\u00f1os, poco a poco hemos eliminando las l\u00edneas menos fiables y siempre esforz\u00e1ndonos por mejorar su calidad.<\/p>\n<p>Creemos que nuestros aceites esenciales hoy en d\u00eda ofrecen la mejor calidad \/ precio en el mercado.<\/p>\n","protected":false},"excerpt":{"rendered":"<p>Nombre Latino:\u00a0Amyris Balsamifera<\/p>\n<p>Parte de la planta utilizada:\u00a0Madera y Ramas<\/p>\n<p>Origen:\u00a0Jamaica<\/p>\n<p>M\u00e9todo de extracci\u00f3n:\u00a0destilaci\u00f3n al vapor<\/p>\n<p>El aceite esencial de Amyris\u00a0tambi\u00e9n se llama aceite de s\u00e1ndalo de las Indias Occidentales porque su olor recuerda al s\u00e1ndalo. Se obtiene por destilaci\u00f3n al vapor de la corteza y las ramas del \u00e1rbol Amyris balsamifera. Debido a su alto contenido de aceite, esta madera se quema sola, como una vela, y por eso la poblaci\u00f3n local la llama madera de vela. Es una alternativa menos costosa al s\u00e1ndalo puro.<\/p>\n<p>Este aceite se ha utilizado para limpiar heridas y tratar la gripe, la diarrea. Se dice que es muy eficaz para aliviar la cistitis y las infecciones vaginales. Cuando se usa en un vaporizador, ayuda a aliviar la ansiedad y la depresi\u00f3n, el insomnio y act\u00faa como un afrodis\u00edaco, aliviando la impotencia y la frigidez. Se usa para tratar la tos y los resfriados y la bronquitis. Se dice que sus propiedades calmantes ayudan durante la meditaci\u00f3n. Tambi\u00e9n es un relajante muscular y emoliente.<\/p>\n<p>El origen bot\u00e1nico del \u00e1rbol que produce este aceite era desconocido hasta 1886, cuando se identificaron las principales diferencias entre esta planta y el verdadero s\u00e1ndalo mediante un examen microsc\u00f3pico de las hojas.\u00a0El \u00e1rbol Amyris\u00a0balsamifera crece en forma silvestre en Hait\u00ed. Por sus propiedades curativas y arom\u00e1ticas, los aceites esenciales se consideraban m\u00e1s valiosos que el oro para los humanos antiguos.<\/p>\n","protected":false},"featured_media":6715,"comment_status":"open","ping_status":"closed","template":"","meta":[],"product_brand":[],"product_cat":[312],"product_tag":[1144],"class_list":{"0":"post-6714","1":"product","2":"type-product","3":"status-publish","4":"has-post-thumbnail","6":"product_cat-aceites-esenciales-10-ml","7":"product_tag-aceite-esencial-sandalo-amayris","9":"first","10":"instock","11":"taxable","12":"shipping-taxable","13":"purchasable","14":"product-type-simple"},"jetpack_sharing_enabled":true,"_links":{"self":[{"href":"https:\/\/www.sirabel.es\/tiendasirabel\/wp-json\/wp\/v2\/product\/6714","targetHints":{"allow":["GET"]}}],"collection":[{"href":"https:\/\/www.sirabel.es\/tiendasirabel\/wp-json\/wp\/v2\/product"}],"about":[{"href":"https:\/\/www.sirabel.es\/tiendasirabel\/wp-json\/wp\/v2\/types\/product"}],"replies":[{"embeddable":true,"href":"https:\/\/www.sirabel.es\/tiendasirabel\/wp-json\/wp\/v2\/comments?post=6714"}],"version-history":[{"count":0,"href":"https:\/\/www.sirabel.es\/tiendasirabel\/wp-json\/wp\/v2\/product\/6714\/revisions"}],"wp:featuredmedia":[{"embeddable":true,"href":"https:\/\/www.sirabel.es\/tiendasirabel\/wp-json\/wp\/v2\/media\/6715"}],"wp:attachment":[{"href":"https:\/\/www.sirabel.es\/tiendasirabel\/wp-json\/wp\/v2\/media?parent=6714"}],"wp:term":[{"taxonomy":"product_brand","embeddable":true,"href":"https:\/\/www.sirabel.es\/tiendasirabel\/wp-json\/wp\/v2\/product_brand?post=6714"},{"taxonomy":"product_cat","embeddable":true,"href":"https:\/\/www.sirabel.es\/tiendasirabel\/wp-json\/wp\/v2\/product_cat?post=6714"},{"taxonomy":"product_tag","embeddable":true,"href":"https:\/\/www.sirabel.es\/tiendasirabel\/wp-json\/wp\/v2\/product_tag?post=6714"}],"curies":[{"name":"wp","href":"https:\/\/api.w.org\/{rel}","templated":true}]}}